Language / Sprog: 

NOAA-rapporter

Vælg et års eller en måneds rapport
V/Λ2022 > Jan Feb Mar Apr Maj Jun Jul Aug Sep Okt Nov Dec
V/Λ2021 > Jan Feb Mar Apr Maj Jun Jul Aug Sep Okt Nov Dec
V/Λ2020 > Jan Feb Mar Apr Maj Jun Jul Aug Sep Okt Nov Dec

Rapport for 2021
                   Annual Climatological Summary for 2021

Name: Korsholm   City: Hals   State: Denmark
Elevation: 4 m  Lat: N 56° 59' 39"   Lon: E 010° 19' 16"

                  Temperature (°C), Heat Base: 18,3  Cool Base: 18,3
                          Dep.  Heat  Cool                       Max  Max  Min  Min
        Mean  Mean        From  Deg   Deg                        >=   <=   <=   <=
 YR MO  Max   Min   Mean  Norm  Days  Days  Hi  Date  Low  Date 27,0  0,0-18,0   0,0
------------------------------------------------------------------------------------
 21  1   1,4  -3,8  -1,4  -3,0239806240002320     0   2,3  31  -5,1   31    0    0    0    2
 21  2   2,6  -2,7  -0,1  -1,64390474816958224     0  11,6  24 -11,7   12    0    9    0   18
 21  3   8,5   0,9   4,8   1,5   407     0  16,0  30  -5,8    8    0    0    0   12
 21  4  10,4   1,3   6,0  -1,2   369     0  15,8  18  -3,8   14    0    0    0    7
 21  5  14,3   6,8  10,4  -1,0   245     1  21,1   9   1,6    1    0    0    0    0
 21  6  21,0  12,1  16,5   2,0    74    19  27,6  19   7,1    1    1    0    0    0
 21  7  23,2  15,3  19,3   2,4    26    57  29,2  16  11,0   22    4    0    0    0
 21  8  20,2  12,2  16,1  -0,8    80    12  24,9  31   8,1   24    0    0    0    0
 21  9  17,9  11,2  14,7   1,1   113     6  23,8   8   5,8    5    0    0    0    0
 21 10  13,2   7,9  10,7   1,3   230     0  15,8   6   0,4   18    0    0    0    0
 21 11   9,1   4,3   6,9   1,4   342     0  13,6  19  -2,8   29    0    0    0    5
 21 12   4,1   0,0   2,2  -0,6   498     0   9,3  15  -8,9   26    0    2    0   15
------------------------------------------------------------------------------------
        13,2   6,4   9,9   1,1-2147483648    94  29,2 jul -11,7  feb    5   11    0   59

                                Precipitation (mm)

              Dep.   Max        Days of Rain
              From   Obs.           >=
 YR MO Total  Norm   Day Date  0,2  2,0 20,0
---------------------------------------------
 21  1   0,0 -65,3   0,0   0     0    0    0
 21  2  26,2 -24,1  14,2  18     8    4    0
 21  3  41,0  -5,4  29,4  24     6    3    1
 21  4  31,0  -7,5  11,2  11    12    4    0
 21  5 126,8  79,5  21,2  15    19   14    2
 21  6  17,2 -47,8   9,8  20     7    3    0
 21  7  86,4  21,4  32,8  31    12    7    1
 21  8 129,8  47,7  45,2  16    17    9    1
 21  9 173,4  98,7  44,0  11    16   10    3
 21 10  71,6 -11,6  14,2   3    24   14    0
 21 11  62,4  -7,9  28,4  28    21    8    1
 21 12  56,8 -14,1  16,2   1    20    9    0
---------------------------------------------
       822,6  63,6  45,2  aug  162   85    9

                                Wind Speed (m/s)
                          Dom
 YR MO   Avg.  Hi   Date  Dir
------------------------------
 21  1   0,3   3,6   31   VSV
 21  2   2,2  12,5    3   ØNØ
 21  3   1,9  13,0    7     V
 21  4   2,0  13,4    9   NNV
 21  5   1,9  14,3    4   SSØ
 21  6   1,9  12,5   12   VSV
 21  7   1,8  13,4    1   SSV
 21  8   2,0  13,4   26   VNV
 21  9   1,7  14,8   23   SSØ
 21 10   2,2  13,4    3     S
 21 11   2,1  13,9   30   SSV
 21 12   2,1  18,8    1   ØSØ
------------------------------
         2,0  18,8  dec   SSV