Language / Sprog: 

NOAA-rapporter

Vælg et års eller en måneds rapport
V/Λ2022 > Jan Feb Mar Apr Maj Jun Jul Aug Sep Okt Nov Dec
V/Λ2021 > Jan Feb Mar Apr Maj Jun Jul Aug Sep Okt Nov Dec
V/Λ2020 > Jan Feb Mar Apr Maj Jun Jul Aug Sep Okt Nov Dec

Rapport for 2022 Sep
                   Monthly Climatological Summary for sep 2022

Name: Korsholm   City: Hals   State: Denmark
Elevation: 4 m  Lat: N 56° 59' 39"   Lon: E 010° 19' 15"

                  Temperature (°C), Rain (mm), Wind Speed (m/s)

                                      Heat  Cool        Avg
    Mean                              Deg   Deg         Wind                 Dom
Day Temp  High   Time   Low    Time   Days  Days  Rain  Speed High   Time    Dir
----------------------------------------------------------------------------------
01  13,8  13,8   00:00  13,8   00:00   0,0   0,0   0,0   0,5   0,4   00:00   ØNØ
02  13,8  13,8   00:00  13,8   00:00   0,0   0,0   0,0   1,4   0,4   00:00   ØSØ
03  13,8  13,8   00:00  13,8   00:00   0,0   0,0   0,0   3,5   0,4   00:00   ØSØ
04  13,8  13,8   00:00  13,8   00:00   0,0   0,0   0,0   2,8   0,4   00:00   ØSØ
05  13,8  13,8   00:00  13,8   00:00   0,0   0,0   0,0   3,1   0,4   00:00   ØSØ
06  13,8  13,8   00:00  13,8   00:00   0,0   0,0   0,0   3,5   0,4   00:00   ØSØ
07  13,8  13,8   00:00  13,8   00:00   0,0   0,0   0,0   3,1   0,4   00:00   ØSØ
08  16,6  19,1   17:05  15,3   03:00   1,7   0,0   0,8   3,3   9,8   06:50   ØSØ
09  14,9  17,1   17:58  13,1   04:14   3,4   0,0  26,0   2,7  10,3   11:00     Ø
10  15,6  17,3   16:05  11,7   23:59   2,7   0,0   3,8   0,9   4,5   11:02    NØ
11  13,8  18,7   15:10   9,7   05:12   4,5   0,0   0,2   0,6   5,4   11:39     N
12  14,4  19,0   14:26   7,9   06:36   3,9   0,0   1,0   2,2   8,9   23:06    SØ
13  14,8  17,2   16:18  12,6   07:56   3,5   0,0  18,2   3,4  11,2   15:43   VSV
14  14,6  17,4   12:39  12,4   22:09   3,7   0,0   0,0   2,7  10,3   11:40   VSV
15  13,2  16,2   15:32  10,8   07:12   5,1   0,0   0,0   2,4   9,4   11:23     V
16  13,8  18,1   16:32  10,0   06:50   4,5   0,0   0,0   1,3   7,2   15:04    NV
17  13,3  18,3   14:32   8,1   07:24   5,0   0,0   0,0   1,1   7,2   13:00    NV
18  12,3  16,2   16:19   8,7   05:01   6,0   0,0   0,0   1,5   7,6   06:21     N
19  11,9  15,6   14:35   8,1   07:11   6,4   0,0   0,0   1,6   7,6   13:01   NNV
20  10,6  15,4   15:12   6,1   05:53   7,7   0,0   0,2   0,9   4,9   11:12   NNØ
21  10,0  16,6   16:17   2,7   05:50   8,3   0,0   0,2   0,5   4,9   12:48   VSV
22  11,9  16,6   13:04   5,2   01:59   6,4   0,0   0,0   0,7   4,5   12:58     S
23  13,2  16,4   15:54  10,1   03:27   5,1   0,0   0,8   1,4   4,9   12:18   SSØ
24  13,2  16,9   13:17   7,3   23:19   5,1   0,0   0,4   1,1   4,9   00:43     S
25  10,5  16,6   15:59   5,7   06:23   7,8   0,0   2,4   0,7   4,5   14:18    SV
26  11,5  12,9   12:32   9,9   03:48   6,8   0,0   8,8   4,3  12,1   20:48   SSØ
----------------------------------------------------------------------------------
    13,3  19,1     8     2,7    21    97,6   0,0  62,8   2,0  12,1    26      SØ

Max >=  27,0  0
Max <=   0,0  0
Min <= -18,0  0
Min <=   0,0  0
Max Rain: 26,0 on day 9
Days of Rain: 12 (>= 0,2 mm)  5 (>= 2,0 mm)  1 (>= 20,0 mm)
Heat Base: 18,3  Cool Base: 18,3  Method: Integration