Language / Sprog: 

NOAA-rapporter

Vælg et års eller en måneds rapport
V/Λ2022 > Jan Feb Mar Apr Maj Jun Jul Aug Sep Okt Nov Dec
V/Λ2021 > Jan Feb Mar Apr Maj Jun Jul Aug Sep Okt Nov Dec
V/Λ2020 > Jan Feb Mar Apr Maj Jun Jul Aug Sep Okt Nov Dec

Rapport for 2022 Jun
                   Monthly Climatological Summary for jun 2022

Name: Korsholm   City: Hals   State: Denmark
Elevation: 4 m  Lat: N 56° 59' 39"   Lon: E 010° 19' 15"

                  Temperature (°C), Rain (mm), Wind Speed (m/s)

                                      Heat  Cool        Avg
    Mean                              Deg   Deg         Wind                 Dom
Day Temp  High   Time   Low    Time   Days  Days  Rain  Speed High   Time    Dir
----------------------------------------------------------------------------------
01  12,2  16,3   15:23   8,3   00:26   6,1   0,0   0,0   1,6   5,8   12:02   VSV
02  11,6  13,9   13:27   8,3   02:24   6,7   0,0   0,0   2,7   8,5   17:18   VSV
03  12,4  14,7   12:49  10,8   05:14   5,9   0,0   0,0   3,1   9,4   05:17   VSV
04  13,4  17,0   20:14  10,0   02:40   4,9   0,0   0,0   1,4   5,4   00:02   SSØ
05  14,6  19,8   12:08   9,7   04:26   3,7   0,0   0,0   1,7   6,3   15:45   SSØ
06  14,8  17,4   09:49  11,7   01:29   3,5   0,0   3,2   1,7   9,8   16:07   ØSØ
07  13,8  15,6   14:57  12,2   08:17   4,5   0,0   5,6   2,8   9,4   16:54   ØSØ
08  14,5  17,8   18:12  12,1   04:46   3,8   0,0   0,4   2,0   7,2   07:22    SV
09  14,6  17,4   17:19  12,3   01:43   3,7   0,0   8,4   0,7   5,4   23:26     Ø
10  15,1  18,0   13:06  12,7   05:31   3,2   0,0   0,8   1,8   6,7   16:09    SV
11  15,9  20,2   17:33  11,6   05:15   2,6   0,2   1,6   2,0  10,7   15:11   SSV
12  15,1  19,4   13:11  11,3   03:25   3,2   0,1   0,0   3,3  10,3   12:41    SV
13  13,4  16,7   15:25   9,9   05:15   4,9   0,0   1,2   2,7  10,7   18:00     V
14  15,1  18,7   16:21  11,7   03:32   3,2   0,0   0,0   2,7   9,8   12:26     V
15  15,0  19,1   12:43  10,7   04:53   3,3   0,0   0,0   1,9   8,0   15:23   VSV
16  16,2  20,7   16:34  10,7   04:45   2,7   0,6   0,0   2,4   8,0   08:32     V
17  16,1  20,8   11:13  12,0   04:04   2,6   0,4   3,2   2,3   7,2   21:33   SSV
18  16,2  18,9   11:37  12,8   23:30   2,1   0,0   0,0   2,5   9,8   15:41     V
19  13,8  17,6   13:17  10,5   23:58   4,5   0,0   2,6   1,0   5,4   12:29   VSV
20  14,3  18,9   19:29   9,6   00:35   4,0   0,0   0,0   0,7   4,9   10:47   NNØ
21  16,0  20,1   16:43  11,8   03:32   2,6   0,3   0,0   2,5   8,9   16:21   VSV
22  15,6  18,9   16:40  13,2   23:43   2,7   0,0   0,0   2,4   8,0   15:00   VSV
23  15,8  18,3   14:51  13,2   00:00   2,5   0,0   0,0   1,9   6,3   01:51     S
24  19,0  23,3   15:43  13,4   03:32   0,8   1,6   0,0   1,7   7,2   18:05   ØSØ
25  20,3  24,5   12:32  17,2   05:13   0,1   2,1   0,2   1,1   4,9   00:52   ØSØ
26  19,6  23,1   16:45  16,2   23:54   0,3   1,7   0,8   1,1   5,4   16:58   ØSØ
27  15,1  16,6   11:49  13,2   22:38   3,2   0,0  26,0   1,5   8,0   09:11   NNV
28  17,1  22,1   19:07  12,3   03:21   2,2   0,9   0,4   1,1   5,4   10:39     V
29  17,8  21,4   14:14  12,1   03:18   1,6   1,1   0,0   1,2   5,4   12:44   ØSØ
30  19,2  23,8   16:09  11,4   03:47   1,5   2,4   0,0   1,3   5,4   19:52    NØ
----------------------------------------------------------------------------------
    15,5  24,5    25     8,3     1    96,6  11,4  54,4   1,9  10,7    11      SV

Max >=  27,0  0
Max <=   0,0  0
Min <= -18,0  0
Min <=   0,0  0
Max Rain: 26,0 on day 27
Days of Rain: 13 (>= 0,2 mm)  6 (>= 2,0 mm)  1 (>= 20,0 mm)
Heat Base: 18,3  Cool Base: 18,3  Method: Integration