Language / Sprog: 

NOAA-rapporter

Vælg et års eller en måneds rapport
V/Λ2022 > Jan Feb Mar Apr Maj Jun Jul Aug Sep Okt Nov Dec
V/Λ2021 > Jan Feb Mar Apr Maj Jun Jul Aug Sep Okt Nov Dec
V/Λ2020 > Jan Feb Mar Apr Maj Jun Jul Aug Sep Okt Nov Dec

Rapport for 2022 Maj
                   Monthly Climatological Summary for maj 2022

Name: Korsholm   City: Hals   State: Denmark
Elevation: 4 m  Lat: N 56° 59' 39"   Lon: E 010° 19' 15"

                  Temperature (°C), Rain (mm), Wind Speed (m/s)

                                      Heat  Cool        Avg
    Mean                              Deg   Deg         Wind                 Dom
Day Temp  High   Time   Low    Time   Days  Days  Rain  Speed High   Time    Dir
----------------------------------------------------------------------------------
01   9,6  14,2   15:25   4,8   00:58   8,7   0,0   0,0   1,2   5,8   19:09   ØSØ
02   9,6  14,8   14:40   5,0   05:21   8,7   0,0   0,0   2,2   8,5   15:31   VSV
03   9,1  13,2   14:47   3,3   23:58   9,2   0,0   0,0   2,2   9,4   10:22   NNØ
04   8,7  13,9   13:22   1,0   04:03   9,6   0,0   0,0   1,2   6,3   19:29     Ø
05   9,1  14,1   16:27   4,1   05:36   9,2   0,0   0,0   1,9   8,0   16:36   VSV
06  11,9  16,3   17:20   6,4   05:48   6,4   0,0   0,0   2,1   7,2   16:36   VSV
07  11,6  14,7   15:23   6,8   23:56   6,7   0,0   0,0   2,5   9,4   11:13     V
08   9,5  13,6   16:55   4,0   05:06   8,8   0,0   0,0   2,0   9,4   12:56   NNØ
09  10,0  15,4   14:53   0,6   05:14   8,3   0,0   0,0   2,4   9,8   17:25    SØ
10  12,4  14,7   18:11   9,2   23:56   5,9   0,0   6,8   2,9  10,3   19:03     S
11  11,2  15,2   15:26   7,9   02:33   7,1   0,0   7,6   2,5   8,5   14:40    SV
12  11,4  14,6   15:25   8,5   23:52   6,8   0,0   0,0   3,2  13,0   12:46   VSV
13  11,1  14,6   13:52   7,7   02:41   7,2   0,0   0,0   2,7   8,9   13:54    SV
14  11,8  13,8   16:34   9,7   23:53   6,5   0,0   0,0   3,7  12,1   14:12     V
15  12,6  17,3   14:40   8,3   05:17   5,7   0,0   0,0   1,6   7,2   00:07   VNV
16   9,8  14,1   18:10   3,3   05:06   8,5   0,0   0,0   1,6   6,7   12:23   NNØ
17  13,0  16,9   14:44   9,8   04:34   5,3   0,0   0,0   1,3   6,3   09:34    NØ
18  13,0  15,1   18:57  10,6   03:56   5,3   0,0   0,0   3,5   9,8   11:37   ØSØ
19  15,0  18,2   14:07  12,4   23:56   3,3   0,0   3,2   0,9   6,3   11:42   VSV
20  13,6  17,7   15:38  10,4   03:30   4,7   0,0   1,6   1,4   6,7   10:15     V
21  11,8  15,4   19:09   9,3   05:46   6,5   0,0   2,6   1,1   5,4   14:45   VNV
22  13,6  18,4   17:59   9,1   23:59   4,7   0,0   0,0   1,4   7,2   07:48     V
23  13,3  16,4   17:45   6,7   04:35   4,9   0,0   0,0   2,9  10,7   23:31   ØSØ
24  13,4  16,5   15:42  11,6   23:03   4,9   0,0  10,6   3,7  14,3   00:41    SØ
25  12,9  16,4   17:36  10,1   14:53   5,4   0,0   2,4   2,4   8,9   13:22    SV
26  12,7  15,7   14:32   9,3   23:39   5,6   0,0   1,6   3,6  12,5   16:16   VSV
27  11,2  14,2   12:59   8,6   04:34   7,1   0,0   3,0   3,2  13,4   16:57     V
28  13,8  18,3   18:10   9,6   03:24   4,5   0,0   0,0   1,9   7,6   10:26    NV
29  12,5  18,1   16:31   7,9   05:07   5,8   0,0   0,2   1,7   7,2   20:15     S
30  11,2  15,6   16:42   6,7   04:13   7,0   0,0   0,0   1,5   5,8   18:41    SØ
31  12,2  16,2   11:48   8,4   05:16   6,1   0,0   0,0   1,2   5,4   18:17    NV
----------------------------------------------------------------------------------
    11,7  18,4    22     0,6     9   204,4   0,0  39,6   2,2  14,3    24      SV

Max >=  27,0  0
Max <=   0,0  0
Min <= -18,0  0
Min <=   0,0  0
Max Rain: 10,6 on day 24
Days of Rain: 10 (>= 0,2 mm)  7 (>= 2,0 mm)  0 (>= 20,0 mm)
Heat Base: 18,3  Cool Base: 18,3  Method: Integration