Language / Sprog: 

NOAA-rapporter

Vælg et års eller en måneds rapport
V/Λ2022 > Jan Feb Mar Apr Maj Jun Jul Aug Sep Okt Nov Dec
V/Λ2021 > Jan Feb Mar Apr Maj Jun Jul Aug Sep Okt Nov Dec
V/Λ2020 > Jan Feb Mar Apr Maj Jun Jul Aug Sep Okt Nov Dec

Rapport for 2022 Mar
                   Monthly Climatological Summary for mar 2022

Name: Korsholm   City: Hals   State: Denmark
Elevation: 4 m  Lat: N 56° 59' 39"   Lon: E 010° 19' 16"

                  Temperature (°C), Rain (mm), Wind Speed (m/s)

                                      Heat  Cool        Avg
    Mean                              Deg   Deg         Wind                 Dom
Day Temp  High   Time   Low    Time   Days  Days  Rain  Speed High   Time    Dir
----------------------------------------------------------------------------------
01   2,5   6,5   16:06  -0,2   23:51  15,8   0,0   0,2   1,7   6,7   00:08     S
02   2,4   9,0   14:47  -2,7   07:27  15,9   0,0   0,2   0,7   4,5   15:01    NV
03   1,5   6,6   14:05  -3,3   06:09  16,8   0,0   0,4   1,2   6,3   10:30   NNØ
04   2,4   5,3   11:26  -2,0   02:42  15,9   0,0   0,2   1,2   5,8   12:19   ØSØ
05   0,6   4,3   16:11  -3,6   07:31  17,7   0,0   0,0   0,4   3,1   05:13     S
06   2,0   8,6   15:42  -1,7   04:29  16,3   0,0   0,2   0,7   4,9   11:05   NNV
07   2,3   8,4   16:11  -2,7   07:15  16,0   0,0   0,2   0,7   4,0   11:39   VSV
08   2,4   9,3   15:51  -2,6   23:37  15,9   0,0   0,2   0,9   4,9   11:27   VSV
09   1,0   2,7   23:59  -1,2   00:00  17,3   0,0   0,2   1,8   6,3   23:48   ØSØ
10   3,6   5,3   14:14   2,1   04:12  14,7   0,0   0,0   4,8  12,1   22:02   ØSØ
11   3,9   5,3   14:30   2,4   07:06  14,4   0,0   0,0   6,2  13,4   20:55   ØSØ
12   4,5   6,1   15:04   3,3   06:55  13,8   0,0   0,0   5,9  12,1   05:55   ØSØ
13   4,9   6,9   15:01   3,2   04:24  13,4   0,0   0,0   3,4   8,0   10:57   ØSØ
14   5,1   7,3   14:28   3,5   23:21  13,2   0,0   0,0   2,6   7,6   06:37   ØSØ
15   3,9   8,4   14:24  -0,8   23:51  14,4   0,0   2,4   0,6   4,0   00:04   SSØ
16   1,4   5,1   15:22  -3,4   06:22  16,9   0,0   0,2   1,0   6,3   23:42   ØSØ
17   4,5   6,5   17:11   2,8   00:09  13,8   0,0   0,4   5,4  15,6   12:47    SØ
18   6,0   9,7   12:14   1,8   23:52  12,3   0,0   0,0   1,8   8,9   10:16   VNV
19   3,5   9,7   14:25  -1,2   07:04  14,8   0,0   0,2   0,5   3,6   12:53   ØSØ
20   4,3   6,6   16:50  -0,4   00:00  14,0   0,0   0,2   2,0   8,9   20:00   ØSØ
21   5,6   7,7   15:02   3,4   23:59  12,7   0,0   0,0   3,3   9,4   10:39   ØSØ
22   4,4  11,8   16:21  -2,5   06:19  13,9   0,0   0,0   0,4   3,6   16:27     Ø
23   2,6   8,4   14:00  -2,8   06:34  15,7   0,0   0,2   0,6   3,6   14:32    SØ
24   6,8  14,5   15:12  -1,2   00:36  11,5   0,0   0,2   1,1   6,3   13:15   VNV
25   9,0  14,0   13:30   3,8   05:27   9,3   0,0   0,0   2,5  11,2   15:33   VNV
26   7,9  12,2   13:39   0,4   23:47  10,4   0,0   0,0   1,6  10,3   00:33   NNV
27   6,8  11,5   17:20   0,2   01:46  11,1   0,0   0,0   1,8   8,0   10:22     V
28   7,2  11,5   15:00   3,7   23:48  11,1   0,0   0,0   2,7  11,2   05:05   VNV
29   4,3   7,9   14:52   0,7   22:12  14,0   0,0   0,0   1,3   8,5   16:06   NNV
30   2,4   5,2   11:57  -2,9   23:40  15,9   0,0   0,0   1,2   6,7   14:45    NØ
31   0,7   6,5   15:42  -6,3   05:56  17,5   0,0   0,0   1,1   5,8   07:44   NNØ
----------------------------------------------------------------------------------
     3,9  14,5    24    -6,3    31   446,4   0,0   5,6   2,0  15,6    17     ØSØ

Max >=  27,0  0
Max <=   0,0  0
Min <= -18,0  0
Min <=   0,0 18
Max Rain: 2,4 on day 15
Days of Rain: 15 (>= 0,2 mm)  1 (>= 2,0 mm)  0 (>= 20,0 mm)
Heat Base: 18,3  Cool Base: 18,3  Method: Integration