Language / Sprog: 

NOAA-rapporter

Vælg et års eller en måneds rapport
V/Λ2022 > Jan Feb Mar Apr Maj Jun Jul Aug Sep Okt Nov Dec
V/Λ2021 > Jan Feb Mar Apr Maj Jun Jul Aug Sep Okt Nov Dec
V/Λ2020 > Jan Feb Mar Apr Maj Jun Jul Aug Sep Okt Nov Dec

Rapport for 2022 Jan
                   Monthly Climatological Summary for jan 2022

Name: Korsholm   City: Hals   State: Denmark
Elevation: 4 m  Lat: N 56° 59' 39"   Lon: E 010° 19' 16"

                  Temperature (°C), Rain (mm), Wind Speed (m/s)

                                      Heat  Cool        Avg
    Mean                              Deg   Deg         Wind                 Dom
Day Temp  High   Time   Low    Time   Days  Days  Rain  Speed High   Time    Dir
----------------------------------------------------------------------------------
01   5,9   9,2   23:43   4,8   13:34  12,4   0,0   4,4   1,8   8,0   01:22   SSØ
02   8,3   9,4   00:55   7,1   16:11  10,0   0,0   0,2   1,8   7,2   07:29    SV
03   7,1   8,2   12:32   3,4   23:58  11,2   0,0   3,0   2,8  10,3   19:31    SV
04   1,9   3,6   13:04   0,3   05:18  16,4   0,0   1,6   2,2   7,6   23:45    SV
05   1,5   3,2   12:29  -0,4   21:01  16,8   0,0   0,4   2,2   8,5   01:06   VNV
06  -1,0   2,3   14:17  -3,7   07:43  19,3   0,0   0,0   0,5   4,5   23:47    SV
07   2,1   3,6   14:57   0,1   23:53  16,2   0,0   1,4   3,1   8,9   06:47   SSØ
08   1,5   2,6   10:52  -0,2   00:38  16,8   0,0   1,2   2,0   7,6   05:58     S
09   2,4   3,3   22:14   1,6   07:44  15,9   0,0  19,0   4,8  11,6   05:10   ØSØ
10   3,1   3,8   12:19   2,1   23:12  15,2   0,0   0,0   2,8   8,5   14:19   ØSØ
11   2,8   3,9   22:19   2,0   01:51  15,5   0,0   2,6   2,9   8,5   01:53   SSØ
12   5,0   8,3   23:34   1,3   02:27  13,3   0,0   0,2   2,2   9,8   22:43   VSV
13   8,4   9,4   22:20   7,7   18:51   9,9   0,0   0,0   3,9  13,4   22:26     V
14   5,8   9,9   00:30   0,1   23:45  12,6   0,0   0,0   2,5  14,8   03:05   VNV
15   2,0   5,1   20:25  -1,2   03:19  16,3   0,0   0,0   0,9   4,9   19:56    SV
16   5,5   7,7   23:58   4,6   01:02  12,8   0,0   0,2   3,1  13,4   22:48   VSV
17   4,0   7,9   02:09   0,1   22:25  14,3   0,0   0,0   2,7  13,9   00:49    NV
18   4,4   6,7   15:12   0,1   03:10  13,9   0,0   0,0   2,2  11,2   11:51   VSV
19   5,3   6,8   16:51   2,0   23:45  13,0   0,0   0,8   3,9  13,9   21:21   VSV
20   1,4   2,8   12:03  -0,4   22:56  16,9   0,0   0,0   3,6  12,1   01:12   NNV
21   1,9   6,2   16:25  -1,8   00:52  16,4   0,0   0,0   1,0   6,3   14:45    NV
22   2,4   6,2   15:14  -1,2   02:17  15,9   0,0   0,2   0,6   4,5   10:18     S
23   6,4   8,7   12:54   4,4   00:00  11,9   0,0   0,2   2,0   7,6   23:37   VSV
24   5,8   6,9   22:36   4,9   10:11  12,5   0,0   0,2   2,8   9,4   01:14   VSV
25   5,6   7,3   14:03   2,7   09:11  12,7   0,0   0,0   1,8   8,0   00:24     V
26   5,9   6,7   18:51   4,9   11:15  12,4   0,0   2,6   3,1   9,4   16:05   VSV
27   6,5   7,8   08:00   4,9   17:23  11,8   0,0   4,4   4,6  16,1   15:06     V
28   4,3   6,4   14:17   1,8   09:14  14,0   0,0   0,0   1,9   8,5   01:03     V
29   7,0   9,1   15:44   4,0   00:00  11,3   0,0   1,6   5,4  18,3   15:56   VSV
30   4,7   6,9   04:09  -0,3   21:20  13,6   0,0   0,0   3,8  18,3   02:29    NV
31   1,6   4,1   13:07  -0,7   02:35  16,7   0,0   0,0   0,5   6,3   23:29    SV
----------------------------------------------------------------------------------
     4,2   9,9    14    -3,7     6   437,9   0,0  44,2   2,6  18,3    29     VSV

Max >=  27,0  0
Max <=   0,0  0
Min <= -18,0  0
Min <=   0,0  9
Max Rain: 19,0 on day 9
Days of Rain: 18 (>= 0,2 mm)  6 (>= 2,0 mm)  0 (>= 20,0 mm)
Heat Base: 18,3  Cool Base: 18,3  Method: Integration