Language / Sprog: 

NOAA-rapporter

Vælg et års eller en måneds rapport
V/Λ2022 > Jan Feb Mar Apr Maj Jun Jul Aug Sep Okt Nov Dec
V/Λ2021 > Jan Feb Mar Apr Maj Jun Jul Aug Sep Okt Nov Dec
V/Λ2020 > Jan Feb Mar Apr Maj Jun Jul Aug Sep Okt Nov Dec

Rapport for 2021 Dec
                   Monthly Climatological Summary for dec 2021

Name: Korsholm   City: Hals   State: Denmark
Elevation: 4 m  Lat: N 56° 59' 39"   Lon: E 010° 19' 16"

                  Temperature (°C), Rain (mm), Wind Speed (m/s)

                                      Heat  Cool        Avg
    Mean                              Deg   Deg         Wind                 Dom
Day Temp  High   Time   Low    Time   Days  Days  Rain  Speed High   Time    Dir
----------------------------------------------------------------------------------
01   0,4   3,5   06:22  -1,7   22:15  17,9   0,0  16,2   4,4  18,8   17:17    NØ
02  -2,1  -0,4   14:50  -4,6   23:54  20,4   0,0   0,0   1,4   8,0   00:02   NNV
03  -0,9   2,4   21:20  -5,1   02:36  19,2   0,0  11,6   0,8   6,3   19:16    SØ
04   1,6   2,5   03:02   0,8   08:17  16,7   0,0   2,0   1,5   8,9   23:00    NØ
05   0,2   2,6   00:19  -0,9   19:06  18,1   0,0   0,0   2,9  12,1   10:24    NØ
06   0,6   2,3   23:22  -0,8   01:53  17,7   0,0   0,0   3,5  13,0   23:26   ØSØ
07   2,2   2,9   21:52   1,1   10:03  16,1   0,0   0,0   5,9  13,4   21:42   ØSØ
08   2,5   3,2   11:51   1,8   13:56  15,8   0,0   3,2   6,9  14,8   02:11   ØSØ
09   2,6   3,3   20:33   1,9   11:41  15,7   0,0   1,4   3,4   9,8   03:45   ØSØ
10   1,9   2,9   10:09   0,0   23:46  16,4   0,0   0,2   1,1   5,4   03:04     Ø
11   0,8   1,9   12:42   0,0   00:00  17,5   0,0   2,8   0,3   3,6   21:44   NNV
12   2,9   4,3   19:28  -0,2   01:53  15,4   0,0   3,6   1,7   6,7   11:01    SØ
13   5,4   8,6   18:10   3,2   03:08  12,9   0,0   0,8   1,1   5,8   13:07     S
14   5,5   7,4   23:57   3,6   08:11  12,8   0,0   2,6   1,5   7,6   22:39    SV
15   8,4   9,3   14:17   7,3   00:10   9,9   0,0   0,0   3,1  10,7   05:15   VSV
16   7,3   8,9   00:00   6,4   22:08  11,0   0,0   0,0   2,4   8,0   12:34   VNV
17   6,1   7,6   14:42   4,6   08:10  12,2   0,0   0,2   1,2   5,4   01:12   VNV
18   6,6   8,3   13:48   5,0   00:00  11,7   0,0   0,2   1,9  10,7   20:57   VNV
19   5,2   7,9   10:52   0,2   22:25  13,1   0,0   0,0   2,0   9,4   10:54   NNV
20   1,1   4,2   13:28  -3,1   23:58  17,2   0,0   0,0   0,8   4,5   00:12   NNV
21  -0,1   2,1   12:38  -3,2   00:03  18,4   0,0   0,6   0,8   5,8   12:22   SSØ
22   1,6   2,7   17:27   0,4   00:05  16,7   0,0   2,0   0,4   3,1   17:59     S
23   0,9   2,3   02:05  -0,5   23:50  17,4   0,0   0,0   0,8   3,6   12:39   SSV
24  -2,5   0,9   02:31  -6,3   20:02  20,8   0,0   0,0   2,3  13,9   07:34   NNØ
25  -3,4   0,3   13:35  -6,6   07:40  21,7   0,0   0,2   0,5   4,0   01:22   VSV
26  -4,5  -0,3   14:30  -8,9   08:33  22,8   0,0   0,0   0,2   4,5   23:51     S
27   0,4   1,7   20:26  -4,6   02:29  17,9   0,0   1,0   4,7  12,5   21:29   ØSØ
28   1,6   2,1   21:57   0,8   02:08  16,7   0,0   7,2   2,7   8,9   00:06    SØ
29   2,4   2,9   13:41   1,8   15:22  15,9   0,0   0,4   0,7   5,4   21:27    SØ
30   6,6   9,3   20:44   2,3   00:02  11,7   0,0   0,2   2,7   8,5   01:30    SV
31   7,8   9,1   14:07   6,2   05:52  10,5   0,0   0,4   1,6   6,3   16:23   VSV
----------------------------------------------------------------------------------
     2,2   9,3    15    -8,9    26   498,2   0,0  56,8   2,1  18,8     1     ØSØ

Max >=  27,0  0
Max <=   0,0  2
Min <= -18,0  0
Min <=   0,0 15
Max Rain: 16,2 on day 1
Days of Rain: 20 (>= 0,2 mm)  9 (>= 2,0 mm)  0 (>= 20,0 mm)
Heat Base: 18,3  Cool Base: 18,3  Method: Integration