Language / Sprog: 

NOAA-rapporter

Vælg et års eller en måneds rapport
V/Λ2022 > Jan Feb Mar Apr Maj Jun Jul Aug Sep Okt Nov Dec
V/Λ2021 > Jan Feb Mar Apr Maj Jun Jul Aug Sep Okt Nov Dec
V/Λ2020 > Jan Feb Mar Apr Maj Jun Jul Aug Sep Okt Nov Dec

Rapport for 2021 Okt
                   Monthly Climatological Summary for okt 2021

Name: Korsholm   City: Hals   State: Denmark
Elevation: 4 m  Lat: N 56° 59' 39"   Lon: E 010° 19' 16"

                  Temperature (°C), Rain (mm), Wind Speed (m/s)

                                      Heat  Cool        Avg
    Mean                              Deg   Deg         Wind                 Dom
Day Temp  High   Time   Low    Time   Days  Days  Rain  Speed High   Time    Dir
----------------------------------------------------------------------------------
01  12,6  14,3   18:31  10,9   00:00   5,7   0,0   9,6   5,0  13,0   03:50   SSØ
02  13,3  14,9   13:00  12,4   08:09   5,0   0,0   7,2   2,8  10,3   00:59    SØ
03  14,2  15,7   13:20  11,8   20:59   4,1   0,0  14,2   4,0  13,4   03:38    SØ
04  13,0  15,1   15:40  11,6   02:25   5,3   0,0   1,2   2,6   8,0   20:25   SSØ
05  12,9  14,4   12:50  11,8   20:10   5,4   0,0   6,4   2,7   8,0   11:25   ØSØ
06  12,3  15,8   16:45   9,8   23:45   6,0   0,0   2,2   0,8   4,9   14:30   SSV
07  11,7  15,7   15:00   7,7   07:50   6,6   0,0   0,4   1,0   4,5   14:30   SSØ
08  11,8  15,2   13:55   8,6   07:50   6,5   0,0   0,0   1,0   4,9   16:25    SØ
09  11,2  13,7   14:10   8,3   03:30   7,1   0,0   0,2   1,0   4,5   18:25     S
10  10,2  13,5   15:25   7,6   08:15   8,0   0,0   0,6   1,6   5,8   20:19   SSV
11  10,6  13,7   12:36   7,9   23:44   7,7   0,0   0,2   2,4  10,7   11:43     V
12   7,7  12,3   15:22   2,4   08:14  10,6   0,0   0,0   1,1   7,2   16:34   NNV
13   7,8  12,1   15:49   3,2   01:40  10,5   0,0   0,0   1,1   5,8   15:30    SV
14  11,5  13,8   12:01   8,4   00:04   6,8   0,0   0,0   2,5   7,6   11:12    SV
15  11,1  14,2   12:19   8,4   23:42   7,3   0,0   2,2   2,5   8,5   07:26     V
16   9,3  11,9   12:59   6,6   23:24   9,0   0,0   0,0   2,6  10,7   13:33   VSV
17   7,4  12,3   15:07   0,8   23:58  10,9   0,0   0,4   1,1   5,8   00:08   VSV
18   7,8  10,7   11:34   0,4   01:55  10,5   0,0   0,6   1,6   8,5   21:48   ØSØ
19  11,0  13,9   23:58  10,1   00:00   7,3   0,0   6,8   2,3   8,9   00:35    SØ
20  14,0  15,6   02:58  10,7   23:43   4,3   0,0   2,0   3,1   9,4   01:09    SV
21   9,3  10,8   00:00   7,7   20:29   9,0   0,0   3,2   2,5   9,8   15:27     V
22   7,7   9,8   13:28   5,1   08:38  10,6   0,0   2,0   2,9  10,7   14:34   VNV
23   9,2  11,3   12:55   6,6   21:03   4,7   0,0   0,0   1,3   4,9   12:39   VSV
24   9,1  11,3   15:23   6,8   23:22   9,2   0,0   0,0   2,5   6,7   10:14     S
25   8,6  11,2   13:37   6,0   02:04   9,7   0,0   0,4   1,9   5,8   04:50     S
26   9,8  12,2   15:49   7,6   19:28   8,5   0,0   2,4   1,3   6,3   13:35   SSV
27  12,7  14,1   09:15   9,6   00:00   5,6   0,0   2,2   2,9   9,4   07:57    SV
28  12,6  14,4   13:25  10,2   22:40   5,7   0,0   0,6   2,8   8,5   09:25   SSV
29  10,7  12,4   14:31   9,0   08:31   7,6   0,0   0,4   2,2   6,3   19:25    SØ
30  11,0  11,8   13:55   9,7   08:11   7,3   0,0   2,0   2,8   9,4   21:04    SØ
31  10,7  12,1   23:42   8,2   07:18   7,9   0,0   4,2   2,9  12,1   23:10    SØ
----------------------------------------------------------------------------------
    10,7  15,8     6     0,4    18   230,4   0,0  71,6   2,2  13,4     3       S

Max >=  27,0  0
Max <=   0,0  0
Min <= -18,0  0
Min <=   0,0  0
Max Rain: 14,2 on day 3
Days of Rain: 24 (>= 0,2 mm)  14 (>= 2,0 mm)  0 (>= 20,0 mm)
Heat Base: 18,3  Cool Base: 18,3  Method: Integration