Language / Sprog: 

NOAA-rapporter

Vælg et års eller en måneds rapport
V/Λ2022 > Jan Feb Mar Apr Maj Jun Jul Aug Sep Okt Nov Dec
V/Λ2021 > Jan Feb Mar Apr Maj Jun Jul Aug Sep Okt Nov Dec
V/Λ2020 > Jan Feb Mar Apr Maj Jun Jul Aug Sep Okt Nov Dec

Rapport for 2021 Sep
                   Monthly Climatological Summary for sep 2021

Name: Korsholm   City: Hals   State: Denmark
Elevation: 4 m  Lat: N 56° 59' 39"   Lon: E 010° 19' 16"

                  Temperature (°C), Rain (mm), Wind Speed (m/s)

                                      Heat  Cool        Avg
    Mean                              Deg   Deg         Wind                 Dom
Day Temp  High   Time   Low    Time   Days  Days  Rain  Speed High   Time    Dir
----------------------------------------------------------------------------------
01  15,9  21,3   14:56  10,2   06:55   3,1   0,7   0,0   0,9   3,6   14:41   NNØ
02  16,2  22,0   14:52  12,0   01:20   2,7   0,6   0,0   1,5   7,6   21:00   VSV
03  16,7  21,6   12:54  12,9   06:31   2,3   0,7   0,2   1,0   4,9   00:17   NNV
04  16,0  19,2   16:35  10,1   23:22   2,4   0,1   0,0   0,8   4,9   12:37     Ø
05  14,1  18,2   15:12   5,8   06:50   4,2   0,0   0,0   1,4   6,3   17:16    SØ
06  13,4  18,0   13:54   7,5   05:01   4,9   0,0   0,0   0,4   3,1   14:46    SØ
07  15,8  20,1   17:25  11,1   00:00   2,8   0,3   0,0   1,2   4,9   13:26    SV
08  18,4  23,8   18:06  15,1   01:09   1,2   1,4   0,0   1,1   5,4   12:45   VSV
09  17,8  21,4   15:53  13,9   06:29   1,4   0,9   0,0   1,2   5,8   17:32    SØ
10  17,6  20,1   15:01  13,2   04:18   1,0   0,3   4,4   0,8   4,0   09:29    SØ
11  18,1  21,4   14:40  16,2   20:03   0,7   0,5  44,0   0,8   5,8   17:37   SSV
12  17,0  19,7   15:06  14,8   23:04   1,4   0,1   1,6   2,5   8,5   15:13   VSV
13  15,2  18,9   16:52  11,3   23:53   3,1   0,0   0,2   1,1   6,3   00:03     N
14  15,0  18,7   13:06  10,5   04:12   3,3   0,0   0,0   0,8   4,5   15:03   ØSØ
15  14,9  17,5   10:29  10,9   01:21   3,4   0,0  29,6   2,3   9,4   19:23   ØSØ
16  13,4  14,6   07:51  10,9   23:59   4,9   0,0  40,0   3,2  11,6   10:31   NNØ
17  11,6  13,1   22:17  10,3   03:26   6,7   0,0   7,6   3,2   9,8   10:31   NNØ
18  13,4  14,7   17:46  12,1   08:12   4,9   0,0   0,2   1,5   6,7   22:39     Ø
19  12,6  14,1   12:35  11,6   04:37   5,7   0,0   0,0   1,5   6,3   00:32   ØNØ
20  11,9  13,6   12:57   9,2   21:24   6,4   0,0   0,0   0,9   5,4   00:48     Ø
21  11,9  16,6   17:19   8,1   02:37   6,4   0,0   3,6   1,3   8,0   14:54     V
22  14,2  18,9   13:58  10,1   06:04   4,1   0,0   0,2   1,8   8,0   14:23    SV
23  13,7  15,1   00:03  12,1   11:29   4,6   0,0   4,0   3,6  14,8   16:59   VSV
24  13,5  17,1   15:46  10,8   03:53   4,8   0,0   0,0   2,7   9,8   16:34   VSV
25  13,9  16,4   14:37  10,1   22:59   4,4   0,0   0,0   2,2   8,9   11:10     V
26  13,1  16,4   12:04   7,0   07:18   5,2   0,0   0,0   1,6   7,2   23:27   ØSØ
27  15,2  16,0   14:53  14,5   02:51   3,1   0,0  16,4   4,3  11,2   17:41   ØSØ
28  14,3  17,8   13:55  10,8   07:44   4,0   0,0   1,0   1,5   7,2   00:11   SSØ
29  13,9  15,7   12:00  12,6   23:05   4,4   0,0   6,8   1,8   6,3   13:00   ØSØ
30  12,4  14,1   03:01  10,1   23:22   5,9   0,0  13,6   2,3   9,8   20:06    SØ
----------------------------------------------------------------------------------
    14,7  23,8     8     5,8     5   113,4   5,6 173,4   1,7  14,8    23     SSØ

Max >=  27,0  0
Max <=   0,0  0
Min <= -18,0  0
Min <=   0,0  0
Max Rain: 44,0 on day 11
Days of Rain: 16 (>= 0,2 mm)  10 (>= 2,0 mm)  3 (>= 20,0 mm)
Heat Base: 18,3  Cool Base: 18,3  Method: Integration