Language / Sprog: 

NOAA-rapporter

Vælg et års eller en måneds rapport
V/Λ2022 > Jan Feb Mar Apr Maj Jun Jul Aug Sep Okt Nov Dec
V/Λ2021 > Jan Feb Mar Apr Maj Jun Jul Aug Sep Okt Nov Dec
V/Λ2020 > Jan Feb Mar Apr Maj Jun Jul Aug Sep Okt Nov Dec

Rapport for 2021 Jul
                   Monthly Climatological Summary for jul 2021

Name: Korsholm   City: Hals   State: Denmark
Elevation: 4 m  Lat: N 56° 59' 39"   Lon: E 010° 19' 16"

                  Temperature (°C), Rain (mm), Wind Speed (m/s)

                                      Heat  Cool        Avg
    Mean                              Deg   Deg         Wind                 Dom
Day Temp  High   Time   Low    Time   Days  Days  Rain  Speed High   Time    Dir
----------------------------------------------------------------------------------
01  17,6  20,9   13:42  14,8   21:19   1,0   0,3   3,4   4,0  13,4   13:53   NNØ
02  19,8  22,9   13:18  15,5   00:00   0,3   1,8   1,2   1,4   6,3   10:48   NNØ
03  21,1  27,6   16:47  16,4   05:39   0,4   3,2   1,8   0,9   4,0   10:51   NNØ
04  20,0  23,4   14:56  16,8   06:37   0,4   2,1   0,0   1,4   5,4   15:34    SØ
05  20,1  22,4   13:58  16,8   23:57   0,1   1,9   0,0   2,0   9,4   15:57    SØ
06  17,8  21,3   18:27  13,7   03:46   1,3   0,8  16,8   2,8  10,3   20:05    SØ
07  18,9  23,2   16:32  15,0   03:48   0,8   1,4   0,2   2,3   8,9   22:01     S
08  18,5  21,8   16:54  14,1   05:25   0,8   1,0  11,4   1,7   7,6   14:18    SØ
09  20,0  24,7   15:15  15,4   04:00   0,7   2,4   0,0   1,0   6,3   15:28   NNV
10  17,9  21,7   14:34  15,7   23:56   1,0   0,6   9,0   1,9   7,6   19:19   VNV
11  17,8  22,4   15:59  14,4   23:55   1,3   0,8   0,0   1,9   6,7   01:26    SV
12  19,2  23,6   14:18  12,1   04:23   1,4   2,3   0,0   1,2   5,4   10:20   ØNØ
13  22,1  26,1   17:48  18,8   04:57   0,0   3,8   0,0   1,6   5,4   00:56    NØ
14  23,3  27,1   13:46  18,2   05:43   0,0   5,0   0,0   0,6   3,6   10:45   ØSØ
15  22,8  29,0   15:57  16,8   04:57   0,2   4,7   0,0   1,1   5,8   12:11   VNV
16  22,7  29,2   16:52  17,0   05:13   0,2   4,6   0,0   1,3   5,8   14:29   NNV
17  20,7  24,6   16:17  16,4   02:55   0,4   2,9   0,0   2,4   9,4   20:56   VNV
18  17,4  19,1   18:24  14,3   23:45   1,0   0,1   0,0   3,0  12,1   12:11   VNV
19  18,6  23,4   13:32  13,1   04:52   1,6   1,9   0,0   1,2   6,3   21:47    SV
20  16,8  21,0   14:27  12,6   02:44   2,0   0,4   0,0   2,7   9,4   12:30     V
21  17,3  20,2   17:58  13,3   05:19   1,5   0,5   0,0   1,6   5,8   01:43   SSØ
22  17,9  24,8   18:20  11,0   05:12   2,0   1,6   0,0   1,5   6,3   15:33     S
23  17,1  21,1   17:33  13,6   04:15   1,8   0,6   0,0   1,0   4,9   02:12   SSØ
24  20,0  24,3   17:41  13,3   00:54   0,8   2,4   0,0   0,9   5,8   14:33    NØ
25  21,0  22,6   14:59  19,1   05:20   0,0   2,7   0,0   2,0   7,6   10:46   ØSØ
26  21,2  24,4   13:22  18,8   23:15   0,0   2,9   1,4   1,2   8,0   17:13     Ø
27  20,7  23,6   15:22  18,6   23:59   0,0   2,4   4,0   1,4   7,2   15:53   ØSØ
28  18,4  21,1   12:00  15,7   05:23   0,6   0,7   2,6   1,8   7,2   13:37     S
29  16,8  19,8   13:40  14,4   23:57   1,6   0,1   1,8   3,1   9,8   15:27   SSV
30  17,7  20,9   13:40  14,3   01:35   1,3   0,7   0,0   3,2  10,3   18:28   VSV
31  17,1  22,5   13:56  14,5   06:18   1,7   0,5  32,8   2,4   8,9   21:55    SV
----------------------------------------------------------------------------------
    19,3  29,2    16    11,0    22    26,2  57,1  86,4   1,8  13,4     1     SSV

Max >=  27,0  4
Max <=   0,0  0
Min <= -18,0  0
Min <=   0,0  0
Max Rain: 32,8 on day 31
Days of Rain: 12 (>= 0,2 mm)  7 (>= 2,0 mm)  1 (>= 20,0 mm)
Heat Base: 18,3  Cool Base: 18,3  Method: Integration