Language / Sprog: 

NOAA-rapporter

Vælg et års eller en måneds rapport
V/Λ2022 > Jan Feb Mar Apr Maj Jun Jul Aug Sep Okt Nov Dec
V/Λ2021 > Jan Feb Mar Apr Maj Jun Jul Aug Sep Okt Nov Dec
V/Λ2020 > Jan Feb Mar Apr Maj Jun Jul Aug Sep Okt Nov Dec

Rapport for 2021 Maj
                   Monthly Climatological Summary for maj 2021

Name: Korsholm   City: Hals   State: Denmark
Elevation: 4 m  Lat: N 56° 59' 39"   Lon: E 010° 19' 16"

                  Temperature (°C), Rain (mm), Wind Speed (m/s)

                                      Heat  Cool        Avg
    Mean                              Deg   Deg         Wind                 Dom
Day Temp  High   Time   Low    Time   Days  Days  Rain  Speed High   Time    Dir
----------------------------------------------------------------------------------
01   6,8  10,8   18:36   1,6   01:09  11,5   0,0   1,6   0,9   6,7   10:24   ØSØ
02   9,6  12,8   14:39   4,9   05:20   8,7   0,0   0,0   1,2   4,5   00:40   ØSØ
03   7,8  11,0   16:53   2,2   23:58  10,5   0,0   0,0   1,5   7,6   17:41     V
04   7,3   8,8   18:43   2,2   00:00  11,0   0,0  20,4   4,8  14,3   09:50    SØ
05   6,7   9,1   14:58   5,1   23:59  11,6   0,0   7,4   1,4   6,7   15:33    NV
06   5,1   6,7   14:02   3,6   05:05  13,2   0,0   3,8   1,7   5,4   09:35   NNV
07   5,6   8,8   16:57   3,4   02:24  12,7   0,0   4,0   0,8   5,8   15:09    SØ
08   8,2  12,7   17:10   3,9   03:35  10,1   0,0   0,2   2,2   8,0   18:48   SSV
09  13,3  21,1   16:32   7,6   04:16   5,3   0,3  17,2   3,5  13,4   04:18   SSØ
10  14,0  20,8   15:45   9,9   23:15   4,4   0,1   3,8   1,5  10,7   16:33   SSØ
11  11,3  13,7   13:24  10,1   03:15   7,0   0,0   1,4   1,2   6,7   21:24    NØ
12  11,4  14,7   15:15   9,7   05:22   6,9   0,0   9,2   1,6   8,0   02:14   NNV
13  12,2  16,7   16:54  10,0   23:58   6,1   0,0   0,0   1,1   4,9   13:38   NNV
14  12,5  16,6   13:47   9,2   00:55   5,8   0,0   2,2   0,9   3,6   13:10   VNV
15   9,5  11,1   00:00   8,3   06:29   8,8   0,0  21,2   1,7   5,8   02:59   VSV
16  10,5  14,1   17:02   7,8   04:51   7,8   0,0   0,0   0,8   4,9   12:21    NØ
17  11,1  14,5   11:29   7,6   01:42   7,2   0,0   3,8   0,7   7,2   13:33     S
18  11,2  16,0   15:25   7,9   04:55   7,1   0,0   0,0   1,4   7,2   16:05   VSV
19  10,7  15,8   15:24   6,2   03:57   7,6   0,0   0,0   2,1   7,6   17:25   VSV
20  10,3  14,2   16:08   6,8   23:42   8,0   0,0   1,2   3,2   9,8   18:52   VSV
21  10,4  14,6   14:25   6,3   01:45   7,9   0,0   2,0   2,9   8,0   10:53    SØ
22  11,3  14,4   14:30   9,6   03:39   7,0   0,0   0,2   3,8   8,5   16:59    SØ
23   9,8  12,3   12:55   6,5   23:58   8,5   0,0  10,2   3,1  10,7   15:00    SV
24   9,9  12,4   14:04   5,7   03:19   8,3   0,0   0,0   2,7   8,0   23:11    SØ
25  11,4  13,4   14:26  10,3   21:28   6,9   0,0  13,8   1,2   8,5   23:14     Ø
26  10,8  12,7   14:44   9,0   05:05   7,5   0,0   3,2   2,8   8,5   00:52   ØSØ
27  11,3  16,1   19:26   7,4   03:54   7,0   0,0   0,0   2,6  10,7   08:33   NNØ
28  11,3  18,0   14:13   4,1   02:59   7,0   0,0   0,0   1,3   5,8   14:23   VNV
29  12,7  19,8   19:21   8,1   02:59   5,7   0,0   0,0   1,1   5,4   01:22   VSV
30  14,8  20,0   16:24   7,4   04:39   3,7   0,2   0,0   0,6   3,1   10:04     Ø
31  14,6  19,8   17:23   9,4   06:28   3,9   0,2   0,0   1,5   6,3   12:48     V
----------------------------------------------------------------------------------
    10,4  21,1     9     1,6     1   244,7   0,8 126,8   1,9  14,3     4     SSØ

Max >=  27,0  0
Max <=   0,0  0
Min <= -18,0  0
Min <=   0,0  0
Max Rain: 21,2 on day 15
Days of Rain: 19 (>= 0,2 mm)  14 (>= 2,0 mm)  2 (>= 20,0 mm)
Heat Base: 18,3  Cool Base: 18,3  Method: Integration