Language / Sprog: 

NOAA-rapporter

Vælg et års eller en måneds rapport
V/Λ2022 > Jan Feb Mar Apr Maj Jun Jul Aug Sep Okt Nov Dec
V/Λ2021 > Jan Feb Mar Apr Maj Jun Jul Aug Sep Okt Nov Dec
V/Λ2020 > Jan Feb Mar Apr Maj Jun Jul Aug Sep Okt Nov Dec

Rapport for 2021 Apr
                   Monthly Climatological Summary for apr 2021

Name: Korsholm   City: Hals   State: Denmark
Elevation: 4 m  Lat: N 56° 59' 39"   Lon: E 010° 19' 16"

                  Temperature (°C), Rain (mm), Wind Speed (m/s)

                                      Heat  Cool        Avg
    Mean                              Deg   Deg         Wind                 Dom
Day Temp  High   Time   Low    Time   Days  Days  Rain  Speed High   Time    Dir
----------------------------------------------------------------------------------
01   6,7  10,9   15:54   3,6   23:53  11,6   0,0   1,0   2,0   8,0   05:55     N
02   6,2  11,8   16:58   1,6   06:27  12,1   0,0   0,0   1,7   7,2   17:06   NNV
03   5,3   9,9   18:15   0,3   06:22  13,0   0,0   0,0   1,1   7,6   09:33   NNØ
04   5,9  10,9   13:12   1,5   01:55  12,4   0,0   1,6   3,4  12,5   21:05   VSV
05   3,6   7,2   16:19   0,5   06:38  14,7   0,0   0,2   3,7  13,0   15:17    NV
06   4,4   7,8   15:48   1,4   05:08  13,9   0,0   0,0   2,4   9,8   16:03   VNV
07   3,7  10,1   12:12   0,2   06:16  14,6   0,0   1,6   1,0   6,3   17:50   NNV
08   3,6   6,3   17:21   0,5   02:17  14,7   0,0   1,2   2,8  10,7   19:06    SV
09   5,7   8,4   14:02   0,9   23:58  12,6   0,0   1,8   4,6  13,4   02:23    SV
10   4,3   9,2   16:01  -0,8   23:59  14,0   0,0   1,0   2,1   8,9   12:05   VSV
11   1,5   4,4   07:58  -1,8   01:06  16,8   0,0  11,2   1,8  11,6   15:57    NØ
12   3,8   7,5   14:55   1,6   21:45  14,5   0,0   2,0   2,6   9,4   11:09    SV
13   4,5   8,6   15:13   0,7   22:00  13,8   0,0   0,2   1,6   7,2   15:42   VNV
14   3,5   9,1   18:23  -3,8   05:36  14,8   0,0   0,0   0,6   4,0   13:01    SØ
15   5,0  10,7   15:11  -2,4   05:25  13,3   0,0   0,0   1,3   7,6   17:37   NNØ
16   6,6  10,7   18:11   1,0   04:37  11,7   0,0   0,0   2,0   8,9   13:28   NNØ
17   9,5  12,7   16:38   6,3   00:00   8,8   0,0   0,0   3,5  10,7   13:03   NNØ
18  10,8  15,8   17:30   7,3   06:11   7,5   0,0   0,0   2,9   8,0   07:41   NNØ
19  10,6  15,7   14:46   5,7   06:47   7,7   0,0   0,0   1,3   5,8   09:46    NØ
20   8,9  13,7   13:49   1,6   06:12   9,4   0,0   0,0   0,9   4,9   14:43    SØ
21   8,3  11,4   15:34   6,2   08:25  10,0   0,0   0,0   3,0  11,6   13:50   VNV
22   8,1  12,0   16:41   4,2   23:53  10,2   0,0   0,0   2,8  10,7   11:23    NV
23   6,9  11,4   16:15   2,3   05:44  11,4   0,0   0,0   1,8   7,6   11:15    NV
24   5,5   9,5   17:49   1,4   06:12  12,8   0,0   0,0   1,7   7,6   11:35     N
25   5,0   9,3   17:25   0,2   03:01  13,3   0,0   0,0   2,2  10,3   13:10     N
26   5,0   9,9   17:32  -0,6   23:39  13,2   0,0   0,0   0,9   6,7   11:29   NNØ
27   4,6  10,4   15:51  -3,5   04:26  13,7   0,0   0,0   1,1   5,8   17:09   ØSØ
28   6,5  11,7   15:11  -1,8   06:02  11,8   0,0   0,0   0,7   4,9   13:51   ØNØ
29   7,9  11,8   17:45   2,3   05:07  10,4   0,0   4,4   2,0  11,6   15:24   NNØ
30   8,2  12,0   17:47   2,4   23:51  10,1   0,0   4,8   1,5   7,6   00:24    NØ
----------------------------------------------------------------------------------
     6,0  15,8    18    -3,8    14   368,8   0,0  31,0   2,0  13,4     9     NNV

Max >=  27,0  0
Max <=   0,0  0
Min <= -18,0  0
Min <=   0,0  7
Max Rain: 11,2 on day 11
Days of Rain: 12 (>= 0,2 mm)  4 (>= 2,0 mm)  0 (>= 20,0 mm)
Heat Base: 18,3  Cool Base: 18,3  Method: Integration