Language / Sprog: 

NOAA-rapporter

Vælg et års eller en måneds rapport
V/Λ2022 > Jan Feb Mar Apr Maj Jun Jul Aug Sep Okt Nov Dec
V/Λ2021 > Jan Feb Mar Apr Maj Jun Jul Aug Sep Okt Nov Dec
V/Λ2020 > Jan Feb Mar Apr Maj Jun Jul Aug Sep Okt Nov Dec

Rapport for 2021 Mar
                   Monthly Climatological Summary for mar 2021

Name: Korsholm   City: Hals   State: Denmark
Elevation: 4 m  Lat: N 56° 59' 39"   Lon: E 010° 19' 16"

                  Temperature (°C), Rain (mm), Wind Speed (m/s)

                                      Heat  Cool        Avg
    Mean                              Deg   Deg         Wind                 Dom
Day Temp  High   Time   Low    Time   Days  Days  Rain  Speed High   Time    Dir
----------------------------------------------------------------------------------
01   4,9   8,2   13:08   3,7   04:15  13,3   0,0   0,0  ----   8,9   10:34     V
02   5,1   8,7   16:02   2,1   23:50   7,9   0,0   0,0   1,1   4,9   11:48   VNV
03   3,9   5,9   16:10   1,9   23:57   5,2   0,0   0,0   1,3   4,5   16:12     V
04   1,8   4,9   14:12  -2,1   22:25  16,5   0,0   0,0   2,5  12,1   06:23     N
05   0,7   6,7   15:35  -4,4   06:40  17,6   0,0   0,0   0,7   5,8   12:02   NNV
06   3,8   6,9   12:54  -0,9   02:35  14,5   0,0   0,2   3,2  12,5   13:30     V
07   3,7   6,0   10:52  -2,4   23:52  14,6   0,0   0,0   2,7  13,0   04:57   NNV
08  -0,3   5,1   12:58  -5,8   06:50  18,6   0,0   0,0   0,5   4,0   13:43   ØNØ
09   0,4   6,7   15:08  -4,2   02:26  17,9   0,0   0,0   0,7   4,5   13:01   VSV
15   3,9   6,8   16:35  -3,9   00:00  86,2   0,0   0,0   2,0   8,5   11:25   VNV
16   3,0   7,4   15:50  -0,5   04:05  15,3   0,0   0,0   0,6   3,1   12:10   ØNØ
17   2,6   6,7   14:15  -2,4   23:40  15,7   0,0   0,0   1,4   7,6   13:15   NNØ
18   2,3   7,6   15:25  -2,2   06:20  15,9   0,0   0,0   1,1   5,4   14:00   NNV
19   1,7   3,7   16:20  -1,1   21:10  16,6   0,0   0,0   1,3   8,5   07:55   NNØ
20   5,2  10,2   15:25   0,1   00:05  13,1   0,0   0,0   2,7  10,7   18:15     V
21   5,9   9,4   15:45   1,2   23:15  12,4   0,0   0,0   2,0   8,5   00:25    NV
22   4,9  10,4   14:30  -0,6   05:20  13,4   0,0   0,0   1,5   7,6   13:15   VNV
23   6,3   8,6   14:15   4,5   01:30  12,0   0,0   0,0   2,0   6,7   23:35   VSV
24   7,9  11,6   14:43   5,1   04:58  10,4   0,0  29,4   2,8   8,0   13:52    SV
25   7,0  11,2   15:35   2,6   04:45  11,3   0,0   0,0   2,1   8,5   12:15    SV
26   7,1  11,2   15:06   4,0   02:26  11,1   0,0   0,6   2,9   8,5   21:44   SSØ
27   5,6   8,2   17:20   1,8   10:12  12,7   0,0   7,0   2,1   6,7   08:35    SV
28   6,4   8,1   16:28   3,6   07:50  11,4   0,0   1,8   2,8   9,8   15:17   SSV
29   9,4  11,5   16:58   7,4   00:00   8,9   0,0   2,0   3,3   9,4   08:51    SV
30  11,7  16,0   14:23   8,4   23:54   6,6   0,0   0,0   3,3   9,4   13:30   VSV
31  10,1  14,2   14:42   7,2   06:59   8,2   0,0   0,0   1,8   6,3   00:02   VSV
----------------------------------------------------------------------------------
     4,8  16,0    30    -5,8     8   407,3   0,0  41,0   1,9  13,0     7       V

Max >=  27,0  0
Max <=   0,0  0
Min <= -18,0  0
Min <=   0,0 12
Max Rain: 29,4 on day 24
Days of Rain: 6 (>= 0,2 mm)  3 (>= 2,0 mm)  1 (>= 20,0 mm)
Heat Base: 18,3  Cool Base: 18,3  Method: Integration