Language / Sprog: 

NOAA-rapporter

Vælg et års eller en måneds rapport
V/Λ2022 > Jan Feb Mar Apr Maj Jun Jul Aug Sep Okt Nov Dec
V/Λ2021 > Jan Feb Mar Apr Maj Jun Jul Aug Sep Okt Nov Dec
V/Λ2020 > Jan Feb Mar Apr Maj Jun Jul Aug Sep Okt Nov Dec

Rapport for 2021 Feb
                   Monthly Climatological Summary for feb 2021

Name: Korsholm   City: Hals   State: Denmark
Elevation: 4 m  Lat: N 56° 59' 39"   Lon: E 010° 19' 16"

                  Temperature (°C), Rain (mm), Wind Speed (m/s)

                                      Heat  Cool        Avg
    Mean                              Deg   Deg         Wind                 Dom
Day Temp  High   Time   Low    Time   Days  Days  Rain  Speed High   Time    Dir
----------------------------------------------------------------------------------
01  -0,3   2,9   13:06  -4,4   23:59  18,6   0,0   1,8   1,0   4,5   02:32     S
02  -2,2   0,8   13:19  -6,3   02:57  20,5   0,0   0,0   0,9   5,4   23:43     N
03  -1,9  -0,7   12:49  -3,6   23:53  20,2   0,0   0,0   3,0  12,5   21:45    NØ
04  -3,9  -3,2   13:54  -4,7   23:28  22,2   0,0   0,0   3,0  11,6   04:34   NNØ
05  -4,0  -3,0   11:59  -5,3   05:45  22,3   0,0   0,0   1,9   8,0   23:59    NØ
06  -3,6  -2,4   12:16  -4,3   16:38  21,9   0,0   0,0   1,8   8,5   13:58    NØ
07  -3,4  -2,2   15:12  -4,3   07:51  21,7   0,0   0,0   2,4   9,4   07:21    NØ
08  -2,9  -2,3   12:07  -3,7   06:11  21,2   0,0   0,0   4,1  12,1   21:47    NØ
09  -3,9  -2,8   00:00  -4,5   08:40  22,2   0,0   0,0   4,6  11,6   06:17   NNØ
10  -3,5  -2,4   14:25  -4,7   07:13  21,8   0,0   0,0   3,5   9,8   00:35   NNØ
11  -5,5  -3,3   13:18 -10,4   22:47  23,8   0,0   0,0   2,6   9,4   08:28   NNØ
12  -6,4   0,3   15:19 -11,7   06:15  24,7   0,0   0,0   0,8   4,5   12:52   NNV
13  -4,5   2,7   15:39 -10,4   05:08  22,8   0,0   0,0   0,4   2,7   12:45    NV
14  -3,7   0,4   14:08  -8,1   08:28  22,0   0,0   0,0   0,8   5,4   18:54    SØ
15  -0,9   0,2   17:33  -2,6   00:00  19,2   0,0   0,0   3,2   9,8   16:49    SØ
16  -0,9   0,2   20:37  -2,0   05:21  19,2   0,0   2,2   1,6   7,6   19:17   ØSØ
17   0,3   0,8   14:09  -0,1   00:00  18,0   0,0   3,0   2,0   8,0   22:47   ØSØ
18   0,9   1,6   23:14   0,3   00:01  17,4   0,0  14,2   5,1  11,6   19:36   ØSØ
19   2,4   6,4   14:35   0,4   05:31  15,9   0,0   4,0   1,4   9,8   00:37   SSØ
20   2,0   4,0   15:41   0,9   00:03  16,3   0,0   0,2   2,1   6,3   15:54    SØ
21   2,3   5,3   11:03   0,4   06:55  16,0   0,0   0,0   0,8   4,9   03:01    SØ
22   2,7   7,5   23:37  -0,2   05:05  15,6   0,0   0,0   0,6   4,0   12:45    SØ
23   4,4   7,3   00:30   1,7   23:51  13,9   0,0   0,0   1,3   6,3   02:06   SSV
24   7,8  11,6   12:02   1,8   00:00  10,5   0,0   0,2   3,0   9,8   12:22   SSV
25   8,0  10,7   03:23   4,6   23:46  10,3   0,0   0,6   3,0   9,4   20:20    SV
26   6,2   9,3   15:09   2,6   23:52  12,1   0,0   0,0   2,8   9,8   09:58     V
27   4,7  10,9   15:33   0,9   05:17  13,6   0,0   0,0   1,5   8,0   13:51     V
28   5,9  11,3   15:15   2,2   06:44  12,4   0,0   0,0   1,2   5,8   14:07     V
----------------------------------------------------------------------------------
    -0,1  11,6    24   -11,7    12   497,1   0,0  26,2   2,2  12,5     3     ØNØ
Max >=  27,0  0
Max <=   0,0  9
Min <= -18,0  0
Min <=   0,0 18
Max Rain: 14,2 on day 18
Days of Rain: 8 (>= 0,2 mm)  4 (>= 2,0 mm)  0 (>= 20,0 mm)
Heat Base: 18,3  Cool Base: 18,3  Method: Integration